d thousands digit of 1383776?
3
What is the ten thousands digit of 469764?
6
What is the hundred thousands digit of 1167630?
1
What is the hundred thousands digit of 290196?
2
What is the units digit of 867464?
4
What is the hundreds digit of 415469?
4
What is the ten thousands digit of 13674533?
7
What is the millions digit of 10512433?
0
What is the tens digit of 352030?
3
What is the tens digit of 1886269?
6
What is the thousands digit of 515407?
5
What is the hundreds digit of 364524?
5
What is the ten thousands digit of 10231811?
3
What is the tens digit of 408888?
8
What is the hundreds digit of 1438178?
1
What is the ten thousands digit of 62573?
6
What is the tens digit of 183500?
0
What is the hundred thousands digit of 151926?
1
What is the hundreds digit of 1989883?
8
What is the tens digit of 341565?
6
What is the ten thousands digit of 2109364?
0
What is the hundreds digit of 4383173?
1
What is the ten thousands digit of 3506771?
0
What is the units digit of 4122631?
1
What is the thousands digit of 1764359?
4
What is the thousands digit of 625003?
5
What is the hundreds digit of 8143987?
9
What is the units digit of 6944719?
9
What is the millions digit of 11788888?
1
What is the ten thousands digit of 194006?
9
What is the units digit of 338673?
3
What is the hundred thousands digit of 921392?
9
What is the thousands digit of 9403534?
3
What is the thousands digit of 174142?
4
What is the ten thousands digit of 2497998?
9
What is the thousands digit of 10155036?
5
What is the ten thousands digit of 3557987?
5
What is the ten thousands digit of 16027363?
2
What is the thousands digit of 376693?
6
What is the units digit of 1263343?
3
What is the ten thousands digit of 4704132?
0
What is the ten thousands digit of 7960389?
6
What is the units digit of 214382?
2
What is the tens digit of 436529?
2
What is the units digit of 875199?
9
What is the tens digit of 277175?
7
What is the thousands digit of 149379?
9
What is the millions digit of 2466062?
2
What is the hundreds digit of 1570777?
7
What is the ten thousands digit of 10109049?
0
What is the hundred thousands digit of 1193265?
1
What is the hundreds digit of 7769303?
3
What is the hundreds digit of 183997?
9
What is the units digit of 74498?
8
What is the tens digit of 537537?
3
What is the hundreds digit of 2833189?
1
What is the hundreds digit of 34694424?
4
What is the hundreds digit of 3217402?
4
What is the tens digit of 4836841?
4
What is the millions digit of 1259014?
1
What is the ten thousands digit of 10673201?
7
What is the hundred thousands digit of 718680?
7
What is the hundreds digit of 2282482?
4
What is the thousands digit of 1591891?
1
What is the hundreds digit of 9592835?
8
What is the units digit of 579247?
7
What is the hundred thousands digit of 18891124?
8
What is the thousands digit of 289692?
9
What is the ten thousands digit of 2211043?
1
What is the units digit of 6812963?
3
What is the hundred thousands digit of 1531204?
5
What is the units digit of 19576821?
1
What is the tens digit of 21250261?
6
What is the hundreds digit of 386835?
8
What is the hundreds digit of 8683616?
6
What is the units digit of 429210?
0
What is the thousands digit of 13921379?
1
What is the ten thousands digit of 206685?
0
What is the hundreds digit of 9925517?
5
What is the hundreds digit of 733834?
8
What is the hundreds digit of 19338?
3
What is the thousands digit of 620418?
0
What is the hundreds digit of 121823?
8
What is the thousands digit of 11250873?
0
What is the thousands digit of 219622?
9
What is the millions digit of 3140815?
3
What is the hundreds digit of 1030430?
4
What is the ten thousands digit of 4287382?
8
What is the ten thousands digit of 178280?
7
What is the tens digit of 372141?
4
What is the hundreds digit of 4889218?
2
What is the thousands digit of 4290153?
0
What is the units digit of 2307?
7
What is the hundreds digit of 10997758?
7
What is the hundreds digit of 382762?
7
What is the units digit of 173946?
6
What is the ten thousands digit of 14141624?
4
What is the tens digit of 15769287?
8
What is the hundreds digit of 5029194?
1
What is the hundreds digit of 794476?
4
What is the hundreds digit of 465763?
7
What is the tens digit of 3075938?
3
What is the millions digit of 2435039?
2
What is the ten thousands digit of 15858519?
5
What is the units digit of 506585?
5
What is the millions digit of 8834959?
8
What is the ten thousands digit of 60942?
6
What is the thousands digit of 15781184?
1
What is the tens digit of 2266606?
0
What is the units digit of 7250386?
6
What is the units digit of 32229288?
8
What is the ten thousands digit of 4305114?
0
What is the tens digit of 2497722?
2
What is the thousands digit of 4755048?
5
What is the ten thousands digit of 155232?
5
What is the ten thousands digit of 621221?
2
What is the hundred thousands digit of 9605914?
6
What is the millions digit of 7282790?
7
What is the units digit of 63201?
1
What is the tens digit of 3293518?
1
What is the tens digit of 83792?
9
What is the hundreds digit of 2682557?
5
What is the thousands digit of 8048506?
8
What is the hundreds digit of 2377052?
0
What is the thousands digit of 245382?
5
What is the ten thousands digit of 3308795?
0
What is the hundreds digit of 2186491?
4
What is the millions digit of 1563531?
1
What is the hundreds digit of 409192?
1
What is the units digit of 371890?
0
What is the ten thousands digit of 10800455?
0
What is the ten thousands digit of 78371?
7
What is the units digit of 149349?
9
What is the hundreds digit of 1135213?
2
What is the units digit of 6957469?
9
What is the thousands digit of 334118?
4
What is the ten thousands digit of 904725?
0
What is the hundred thousands digit of 268330?
2
What is the ten thousands digit of 1798162?
9
What is the ten thousands digit of 1552980?
5
What is the ten thousands digit of 274020?
7
What is the hundreds digit of 21049068?
0
What is the tens digit of 201965?
6
What is the hundreds digit of 15492012?
0
What is the hundreds digit of 875659?
6
What is the hundreds digit of 407294?
2
What is the tens digit of 1599285?
8
What is the thousands digit of 123235?
3
What is the tens digit of 340135?
3
What is the ten thousands digit of 7189351?
8
What is the thousands digit of 45274?
5
What is the hundred thousands digit of 3927805?
9
What is the units digit of 262942?
2
What is the millions digit of 19065816?
9
What is the tens digit of 8055585?
8
What is the tens digit of 18544114?
1
What is the ten thousands digit of 13054565?
5
What is the thousands digit of 236278?
6
What is the ten thousands digit of 2804862?
0
What is the millions digit of 17257724?
7
What is the units digit of 640837?
7
What is the tens digit of 2056335?
3
What is the units digit of 836584?
4
What is the units digit of 498354?
4
What is the hundreds digit of 736900?
9
What is the thousands digit of 667045?
7
What is the hundreds digit of 1791922?
9
What is the millions digit of 4224855?
4
What is the units digit of 446261?
1
What is the hundred thousands digit of 1043163?
0
What is the thousands digit of 290593?
0
What is the units digit of 58517?
7
What is the hundred thousands digit of 1015030?
0
What is the thousands digit of 615309?
5
What is the units digit of 845443?
3
What is the hundred thousands digit of 14163419?
1
What is the hundred thousands digit of 514963?
5
What is the hundred thousands digit of 2053285?
0
What is the thousands digit of 214030?
4
What is the ten thousands digit of 1310041?
1
What is the tens digit of 578562?
6
What is the tens digit of 71898?
9
What is the ten thousands digit of 85680?
8
What is the units digit of 246465?
5
What is the hundred thousands digit of 626884?
6
What is the units digit of 773958?
8
What is the thousands digit of 69706?
9
What is the ten thousands digit of 5577888?
7
What is the thousands digit of 382947?
2
What is the tens digit of 89489?
8
What is the hundred thousands digit of 1387146?
3
What is the ten millions digit of 14183630?
1
What is the hundred thousands digit of 5531113?
5
What is the units digit of 695185?
5
What is the tens digit of 484183?
8
What is the units digit of 4149848?
8
What is the hundreds digit of 1987729?
7
What is the ten t